6, -4*k = 4*c - 16. Let f be (-1 + k/(-4))*-2. What is the tens digit of 20/3*18/f?
3
Let a(f) = 4*f**2 - 2*f + 5. Suppose -16 = 4*n - m, 2*n - 2*m = -6*m - 26. Let w be 0 - (2 - (-1 - n)). What is the units digit of a(w)?
7
Let p(q) be the second derivative of 0*q**2 + 0 + 1/20*q**5 - 10*q + 5/6*q**4 + 5/6*q**3. What is the tens digit of p(-9)?
3
Let k(u) = -u + 12. Let m be (-2 - 1 - -2)*-7. Let b be k(m). Suppose 4*w - 44 = 2*h, 3*h + 7 = b*w - 49. What is the tens digit of w?
1
Let g = -76 - -73. Let n(z) = -77*z + 3. What is the hundreds digit of n(g)?
2
Let p(q) = -29*q**2 + 16*q + 7 + 29*q**2 + 2*q**2. Let h = -12 + 4. What is the units digit of p(h)?
7
Let m(r) = 2*r**2 - 7*r - 1. Suppose -3*o + 24 = 9. What is the tens digit of m(o)?
1
Let b(t) = t**3 + 20*t**2 + 25*t + 17. What is the units digit of b(-17)?
9
Suppose 0 = -2*d + 2*m - m + 677, -2*d = 3*m - 681. What is the hundreds digit of d?
3
Let w = -1687 - -3071. What is the tens digit of 6/(-4) - w/(-16)?
8
Suppose -2428 = 77*f - 81*f. What is the hundreds digit of f?
6
Let h = 176 + 147. What is the hundreds digit of h?
3
Let h(a) = a**3 - 7*a**2 + 10*a - 9. Suppose 0*t + 7*t = 49. What is the tens digit of h(t)?
6
Let p = 217 + -13. What is the units digit of p?
4
Let t(l) = -l**3 - 7*l**2 + 8*l + 22. What is the tens digit of t(-8)?
2
Suppose 0 = -4*p + 4. Suppose -76 = -5*d - p. Suppose d = q - 24. What is the units digit of q?
9
Let c be (4/(-10))/(1/(-35)). Let b(r) = r**3 - 3*r**2 - 3*r - 2. Let d be b(4). Suppose d*v - c = v. What is the tens digit of v?
1
Suppose 5*v - 7831 = -x, -3*v - 5*x + 680 + 4023 = 0. What is the hundreds digit of v?
5
Let j be 4/(-6) + 0 + 8178/9. What is the tens digit of ((-8)/36 - j/(-36)) + 3?
2
What is the hundreds digit of (7227/36)/((-2)/(-32)*2)?
6
Suppose -3 = 3*n - 2*x - 24, 2*x = -3*n + 9. Suppose n*r - 321 = 79. What is the tens digit of r?
8
Let m = 17 - 8. Suppose -g + 2*g + m = u, g + 3*u + 21 = 0. Let h = 21 + g. What is the units digit of h?
9
Suppose 0 = -21*k + 25*k + 476. Let c = k + 168. What is the tens digit of c?
4
Let a = -58 + 58. What is the units digit of 48 - (a - (-2 + 4))?
0
Let v(m) = 16*m**3 - 2*m**2 + 21*m - 55. What is the hundreds digit of v(5)?
0
Suppose -n = 2*n - 45. Suppose -5*b = -0*b - n. Suppose -181 + 4 = -b*u. What is the tens digit of u?
5
Let s(m) = -2*m**3 - 30*m**2 - 13*m - 1. What is the units digit of s(-15)?
4
Suppose -5*l + 2*l + 835 = 5*m, 1096 = 4*l - 2*m. Suppose -5*k = -l - 105. What is the units digit of k?
6
Let z(a) = -31*a + 172. What is the tens digit of z(-18)?
3
Suppose -516 = -6*i + 204. Suppose 0*h - 4*h = -i. Suppose 0 = y - 3*f, y - h = -y - 4*f. What is the units digit of y?
9
Let s(z) = z**2 + 8*z + 1. Let y be s(-5). Let m = -3 - y. What is the tens digit of m?
1
Let g = 54 - 37. Let j = g - 11. Suppose -i + j*i = 25. What is the units digit of i?
5
Let z = -52 - -56. Suppose 5*k = 5*c - 535, -7*c + z*c - 5*k = -297. What is the units digit of c?
4
Let a be (-92)/6 + (-8)/12. Let s = 32 + 2. Let y = s + a. What is the tens digit of y?
1
Let s = -3 - -12. Let b(v) = -v**3 + 11*v**2 - 11*v - 4. What is the tens digit of b(s)?
5
Suppose -3*y + 0 = -b + 14, -3*b = 3*y - 102. Let o = b - 11. What is the units digit of o?
8
Let k = 27 - 80. Let u be k - (-1)/((-1)/2). Let v = u + 100. What is the tens digit of v?
4
Let u(q) = 2*q - 5*q**2 + q**3 - 6 + 5*q**2. Suppose 8 = -18*x + 20*x. What is the tens digit of u(x)?
6
Let o = -311 + 1160. What is the tens digit of o?
4
Let n(x) = x**3 - 21*x**2 - 16*x - 3. Let w be n(22). Let m = w + -80. What is the units digit of m?
9
Let z(r) = 7*r - 23. Let j = -27 - -38. What is the units digit of z(j)?
4
What is the tens digit of (-188)/(-10)*260/104?
4
Suppose -3*d = d - 5*y - 21, 4*d = -5*y + 11. Suppose 2*u - 5*q = -2*u + 72, d*u - 3*q = 72. What is the units digit of u?
8
Let x(n) be the second derivative of -9*n**5/20 - n**4/4 - n**3/6 - n**2 - 2*n. Let q be x(-2). Suppose 8*a - 10*a + q = 0. What is the tens digit of a?
3
Let j be (-42)/(-231) + 466/(-22). Let y(c) = -2*c**2 - 46*c - 20. What is the units digit of y(j)?
4
Suppose 4*h + 4*x = 15724, -x = -6*x. What is the thousands digit of h?
3
Let v = -980 + 1556. What is the tens digit of v?
7
Let x be 10920/54 - 2/9. Let w = x - 143. What is the tens digit of w?
5
Suppose -7*i + 4*c = -5*i - 626, 3*c = -i + 313. What is the units digit of i?
3
Let x(v) = 3*v**3 - 3*v**2 + 2*v + 2650. What is the units digit of x(0)?
0
What is the units digit of (-152)/((-2 - 0) + 0)?
6
Let d = 1128 + -803. What is the units digit of d?
5
Let k(p) = -3*p - 5 - 1 - 2. Let i be k(-8). Suppose -i = -3*w + 11. What is the units digit of w?
9
Let u(l) = -6*l**3 - 14*l**2 - 9*l + 1. What is the units digit of u(-3)?
4
Suppose -f - 4*s + 8 = 0, -2*s + 1 = -3. Suppose v + 0*v - 8 = f. Suppose -5*j - 12 = -2*b - 4*j, 5*j + v = -3*b. What is the units digit of b?
4
Let v(r) = -3*r**2 + 5 + 3*r**2 - 7 + 3*r**2 - 7*r. Let b be v(6). Suppose 4*p = 36 + b. What is the tens digit of p?
2
Let q(k) = 28*k**2 + 32*k + 119. What is the tens digit of q(-12)?
6
What is the thousands digit of (728/10)/13*360?
2
Suppose 5*x + 4*l + 11 + 2 = 0, -2*x = -5*l + 25. Let f = -3 - x. Suppose -4*u + 9*h + 185 = 4*h, -f*h = 2*u - 106. What is the units digit of u?
0
Let j be 5/((-45)/(-6))*(-396)/(-2). Suppose -16*x = -19*x + j. What is the tens digit of x?
4
Suppose 330 + 276 = 3*d - 3*h, d - 194 = -3*h. What is the tens digit of d?
0
Let p = 11 + -11. Suppose -y + 3 + 0 = p. Suppose y*j - j = 10. What is the units digit of j?
5
Let i(v) = v**2 - 16*v + 70. Let z be i(7). Let a(m) = -m - 4*m**2 - m**3 + 1 + 2*m + 12*m**2. What is the tens digit of a(z)?
5
Suppose 20*u - 49*u + 89175 = 0. What is the tens digit of u?
7
Let j be (-2)/(-10) + (-3)/15. Suppose -s - 3*w = j, 2 = s + 4*w + 4. Suppose -s*k + 2*k = 2*g - 14, 3*k + 2*g - 8 = 0. What is the units digit of k?
6
Let s(u) = u + 1. Let m(q) = -6 - 4 + 11*q - 8*q. Let j(h) = m(h) + 5*s(h). What is the units digit of j(3)?
9
Let u = 4956 - 2528. What is the tens digit of u?
2
What is the units digit of 39*1010/(-90)*(-4 - -1)?
3
Suppose -7 = 2*b + 9. What is the units digit of 595/28 + 10/b + 1?
1
Suppose -5 = -3*x - c, 4*x + 4*c - 7 = -3. Suppose -9 = -2*f - 1. Suppose 2 = s + f*a - 7, a = -x. What is the units digit of s?
7
Let n(g) = -249*g**3 + g**2 + 9*g + 5. What is the thousands digit of n(-2)?
1
Suppose -15 = 19*g - 91. What is the units digit of g?
4
Suppose -y = n + 2, 3*y + n + 0*n = -2. Suppose y = z - 5*z + 272. What is the tens digit of z?
6
Suppose -3*l = 2*l + 30. Let v be (-11 - -8)/(l/2). Suppose -3*i = -2*i - v. What is the units digit of i?
1
What is the units digit of (-32)/((-1)/(-12)*-2)?
2
Let v = 259 - 166. Suppose -5*l + 2*h + 33 = 4*h, 4*l - 16 = h. Suppose 8 = -l*q + v. What is the tens digit of q?
1
Let r = -3270 - -6083. What is the tens digit of r?
1
Suppose -3*r + 28 - 19 = 0. Suppose -2*z - 2*q + 297 = r*z, 0 = -2*z - 4*q + 106. What is the units digit of z?
1
Suppose 543 + 2529 = p. What is the thousands digit of p?
3
Let x(h) = h**3 + 3*h**2 + h - 2. Let s be x(-2). Suppose s = -4*m - l + 599, -m - m - 3*l = -287. What is the units digit of m?
1
Let g(m) = 37*m**2 - m. Suppose -3*c - 5*z - 1 = 0, -z = -2*c + 4 + 4. Suppose -c*d - 4 = d + 2*s, -s = -2*d - 2. What is the tens digit of g(d)?
3
Suppose 3*m = 3*n + 1582 + 1436, 20 = -4*n. What is the tens digit of m?
0
Let p(c) be the third derivative of -c**6/60 - c**5/60 - c**4/8 + c**3/2 - 4*c**2. What is the tens digit of p(-3)?
5
Suppose i - 304 - 9 = -5*a, -a + 1493 = 5*i. What is the units digit of i?
8
Let o = -44 - -111. Suppose 7*t - 21 + 0 = 0. Suppose 14 = t*m - o. What is the tens digit of m?
2
Suppose -31*q + 48*q - 61404 = 0. What is the hundreds digit of q?
6
Let y be (0 - 0)/(3 - 1). Suppose 5*v - 58 - 17 = y. Suppose -2*c + v = -29. What is the units digit of c?
2
Let z(p) = p**3 - 4*p**2 - 3*p - 4. Suppose 2*w + 3 = -2*a + 11, -4*w - 4 = 0. What is the units digit of z(a)?
6
Let v(f) = 7*f + 4 - 4*f - 2*f**2 + 2*f + 4*f**2. Let k be v(-3). Suppose 3*u = k*u - p - 25, 3*u - 6 = 5*p. What is the units digit of u?
7
What is the tens digit of (-5)/25 + (-61630)/(-25)?
6
Suppose 2*k